the greatest common factor of 1005 and 32299360.
335
What is the greatest common divisor of 159144 and 1684623?
1047
Calculate the greatest common factor of 25953865 and 347.
347
What is the greatest common factor of 23 and 1723643?
23
What is the greatest common factor of 24 and 52471752?
24
What is the highest common divisor of 6685862 and 5134?
34
What is the highest common divisor of 950 and 860?
10
What is the greatest common divisor of 12843955 and 42255?
1565
Calculate the greatest common factor of 21737415 and 8625.
345
What is the highest common divisor of 63157248 and 52668?
2772
Calculate the highest common divisor of 241470 and 23940.
90
What is the highest common divisor of 354447 and 10926?
9
Calculate the highest common divisor of 44 and 5538742.
22
What is the greatest common divisor of 2915630 and 270?
10
Calculate the greatest common divisor of 446195 and 8809.
383
Calculate the greatest common factor of 288938 and 1313.
13
What is the greatest common divisor of 13587584 and 15704?
1208
Calculate the greatest common factor of 13413 and 8133012.
789
Calculate the highest common factor of 70512750 and 1332.
666
Calculate the greatest common factor of 3944220 and 113820.
420
Calculate the greatest common factor of 980 and 1021265.
35
Calculate the greatest common divisor of 138 and 204203154.
138
Calculate the greatest common divisor of 1842804 and 8588.
452
What is the highest common divisor of 2006 and 36653632?
2006
Calculate the greatest common factor of 840 and 4720632.
168
Calculate the greatest common factor of 41438938 and 1370.
274
Calculate the greatest common divisor of 42972264 and 91512.
2952
What is the greatest common factor of 20900 and 406450?
550
What is the highest common factor of 3648 and 10871800?
152
What is the highest common divisor of 810837009 and 23?
23
What is the greatest common factor of 12510000 and 9600?
1200
What is the greatest common divisor of 378280 and 56?
56
Calculate the highest common divisor of 43000920 and 1080.
360
Calculate the greatest common divisor of 24476445 and 10620.
2655
What is the highest common factor of 630568 and 162112?
1192
What is the highest common divisor of 6517 and 19985112?
133
What is the greatest common divisor of 2088 and 110472?
24
Calculate the greatest common divisor of 5233150 and 5850.
650
Calculate the greatest common divisor of 253911 and 343042.
749
Calculate the highest common divisor of 1220140 and 7880.
20
What is the highest common factor of 1540 and 96390910?
770
What is the highest common divisor of 21990300 and 309120?
1380
Calculate the greatest common divisor of 208 and 135814576.
16
Calculate the highest common factor of 675 and 10149435.
135
Calculate the greatest common factor of 58129687 and 14.
7
Calculate the greatest common divisor of 4696 and 10110488.
4696
What is the greatest common divisor of 407486745 and 115?
115
What is the greatest common factor of 288864 and 42704?
272
What is the highest common divisor of 5350852 and 1768?
884
Calculate the highest common divisor of 605668 and 74011.
679
What is the greatest common factor of 117720484 and 28?
28
What is the highest common factor of 3624 and 56982417?
453
Calculate the greatest common divisor of 71189676 and 5967.
153
What is the highest common divisor of 489 and 348681287?
163
Calculate the highest common divisor of 256 and 73714464.
32
What is the highest common divisor of 522 and 191088076?
58
What is the greatest common factor of 16366325 and 408910?
1985
Calculate the greatest common divisor of 689 and 880217.
13
What is the greatest common divisor of 18072 and 122740004?
1004
What is the greatest common divisor of 117649 and 365?
1
What is the greatest common factor of 1732698 and 1485?
297
Calculate the greatest common divisor of 74098249 and 7383.
2461
Calculate the highest common factor of 608 and 2141936.
16
What is the greatest common factor of 935 and 126503025?
55
Calculate the greatest common divisor of 182107854 and 45.
9
Calculate the highest common divisor of 24087 and 1703184.
777
What is the highest common divisor of 9067377 and 43923?
363
What is the greatest common factor of 1765939 and 5383?
7
What is the highest common divisor of 4977165 and 258624?
1347
What is the highest common divisor of 120 and 65922?
6
What is the greatest common divisor of 6380 and 222401?
29
What is the highest common factor of 3241203196 and 22?
22
What is the greatest common factor of 429143660 and 5060?
5060
What is the greatest common factor of 55283386 and 5464?
1366
Calculate the greatest common divisor of 588485 and 4995.
185
Calculate the highest common divisor of 102627 and 1209804.
543
What is the greatest common factor of 2116738 and 7072?
442
Calculate the greatest common divisor of 19152426 and 380964.
3594
What is the highest common factor of 1692 and 2176452?
36
What is the highest common divisor of 4158 and 433962?
18
What is the highest common divisor of 458630 and 940?
10
What is the highest common divisor of 533715 and 254310?
105
Calculate the greatest common factor of 22216696 and 632.
632
Calculate the greatest common divisor of 11386254 and 51.
3
What is the greatest common divisor of 77595 and 470505?
105
What is the greatest common divisor of 456 and 56163468?
228
Calculate the highest common divisor of 192495 and 7289595.
615
Calculate the highest common factor of 940450 and 140.
70
Calculate the highest common divisor of 496 and 189844.
124
What is the greatest common factor of 1992728 and 48168?
1784
What is the greatest common factor of 3052 and 7449456?
28
Calculate the greatest common divisor of 17721 and 1022627.
179
Calculate the highest common divisor of 25 and 955805.
5
Calculate the greatest common factor of 588 and 8945636.
196
Calculate the greatest common divisor of 326 and 1494280658.
326
Calculate the greatest common factor of 9521164 and 1688.
844
Calculate the highest common factor of 285264 and 2674.
14
What is the highest common divisor of 1910532 and 3996?
444
Calculate the highest common divisor of 53728 and 45248.
32
What is the highest common factor of 6897 and 3502950?
363
Calculate the highest common factor of 10640 and 333963.
133
What is the highest common factor of 84 and 154288484?
28
What is the greatest common factor of 12756 and 280188729?
3189
Calculate the greatest common factor of 1169294 and 14364.
14
What is the highest common divisor of 3304 and 27573112?
56
Calculate the highest common factor of 40575 and 36525.
75
Calculate the greatest common factor of 59275 and 23215.
5
Calculate the greatest common divisor of 448 and 137589312.
448
What is the greatest common divisor of 32106904 and 8?
8
What is the greatest common divisor of 3369 and 164838432?
3369
Calculate the greatest common factor of 690858907 and 236.
59
Calculate the highest common divisor of 356 and 82425659.
89
What is the highest common divisor of 129261 and 19767?
33
Calculate the highest common factor of 2556 and 30872788.
284
Calculate the greatest common factor of 22216632 and 283.
283
Calculate the highest common factor of 26859302 and 2.
2
Calculate the greatest common divisor of 36057 and 15.
3
Calculate the greatest common factor of 166981928 and 1576.
1576
Calculate the greatest common divisor of 834231 and 401775.
1461
Calculate the greatest common divisor of 3861200 and 159740.
980
What is the highest common factor of 423 and 501302?
47
What is the greatest common divisor of 10 and 2915545?
5
What is the highest common divisor of 9194845 and 5?
5
Calculate the greatest common factor of 12324 and 187369356.
948
What is the highest common divisor of 8772 and 966468?
516
Calculate the greatest common factor of 48681523 and 187.
187
Calculate the highest common factor of 1840 and 90954040.
40
Calculate the highest common factor of 293528062 and 4.
2
Calculate the greatest common divisor of 1155 and 294259185.
165
Calculate the greatest common divisor of 224 and 5482528.
32
Calculate the greatest common factor of 10497058 and 23114.
3302
Calculate the greatest common factor of 17800 and 1160293.
89
What is the greatest common factor of 33243 and 9219?
21
Calculate the greatest common divisor of 18812574 and 24174.
306
What is the greatest co